{"id":16374,"date":"2025-12-17T14:33:11","date_gmt":"2025-12-17T14:33:11","guid":{"rendered":"https:\/\/colegiojuanpablosegundo.com.mx\/wp_2025\/?page_id=16374"},"modified":"2026-05-12T21:00:10","modified_gmt":"2026-05-12T21:00:10","slug":"diplomado-en-teoria-cognitivo-conductual","status":"publish","type":"page","link":"https:\/\/colegiojuanpablosegundo.com.mx\/wp_2025\/diplomado-en-teoria-cognitivo-conductual\/","title":{"rendered":"Diplomado en Teor\u00eda Cognitivo Conductual"},"content":{"rendered":"\t\t<div data-elementor-type=\"wp-page\" data-elementor-id=\"16374\" class=\"elementor elementor-16374\">\n\t\t\t\t<div class=\"elementor-element elementor-element-eaeedc6 e-flex e-con-boxed e-con e-parent\" data-id=\"eaeedc6\" data-element_type=\"container\">\n\t\t\t\t\t<div class=\"e-con-inner\">\n\t\t<div class=\"elementor-element elementor-element-215a29d e-con-full e-flex e-con e-child\" data-id=\"215a29d\" data-element_type=\"container\">\n\t\t<div class=\"elementor-element elementor-element-ac7f020 e-flex e-con-boxed e-con e-child\" data-id=\"ac7f020\" data-element_type=\"container\">\n\t\t\t\t\t<div class=\"e-con-inner\">\n\t\t<div class=\"elementor-element elementor-element-9418eae e-flex e-con-boxed e-con e-child\" data-id=\"9418eae\" data-element_type=\"container\">\n\t\t\t\t\t<div class=\"e-con-inner\">\n\t\t\t\t<div class=\"elementor-element elementor-element-3d4712b elementor-widget__width-initial elementor-widget thim-ekits-heading elementor-widget-thim-heading\" data-id=\"3d4712b\" data-element_type=\"widget\" data-widget_type=\"thim-heading.default\">\n\t\t\t\t<div class=\"elementor-widget-container\">\n\t\t\t\t\t<div class=\"sc_heading\"><p class=\"title\">Carga de Estudio: <\/p><\/div>\t\t\t\t<\/div>\n\t\t\t\t<\/div>\n\t\t\t\t<div class=\"elementor-element elementor-element-39ae191 elementor-widget__width-initial elementor-widget thim-ekits-heading elementor-widget-thim-heading\" data-id=\"39ae191\" data-element_type=\"widget\" data-widget_type=\"thim-heading.default\">\n\t\t\t\t<div class=\"elementor-widget-container\">\n\t\t\t\t\t<div class=\"sc_heading\"><span class=\"title\">1 hora <\/span><\/div>\t\t\t\t<\/div>\n\t\t\t\t<\/div>\n\t\t\t\t<div class=\"elementor-element elementor-element-68cafa9 elementor-widget-divider--view-line elementor-widget elementor-widget-divider\" data-id=\"68cafa9\" data-element_type=\"widget\" data-widget_type=\"divider.default\">\n\t\t\t\t\t\t\t<div class=\"elementor-divider\">\n\t\t\t<span class=\"elementor-divider-separator\">\n\t\t\t\t\t\t<\/span>\n\t\t<\/div>\n\t\t\t\t\t\t<\/div>\n\t\t\t\t<div class=\"elementor-element elementor-element-51ec555 elementor-widget__width-initial elementor-widget thim-ekits-heading elementor-widget-thim-heading\" data-id=\"51ec555\" data-element_type=\"widget\" data-widget_type=\"thim-heading.default\">\n\t\t\t\t<div class=\"elementor-widget-container\">\n\t\t\t\t\t<div class=\"sc_heading\"><p class=\"title\">Duraci\u00f3n: <\/p><\/div>\t\t\t\t<\/div>\n\t\t\t\t<\/div>\n\t\t\t\t<div class=\"elementor-element elementor-element-9fa8548 elementor-widget__width-initial elementor-widget thim-ekits-heading elementor-widget-thim-heading\" data-id=\"9fa8548\" data-element_type=\"widget\" data-widget_type=\"thim-heading.default\">\n\t\t\t\t<div class=\"elementor-widget-container\">\n\t\t\t\t\t<div class=\"sc_heading\"><span class=\"title\">1 a\u00f1o <\/span><\/div>\t\t\t\t<\/div>\n\t\t\t\t<\/div>\n\t\t\t\t<div class=\"elementor-element elementor-element-e07773b elementor-widget-divider--view-line elementor-widget elementor-widget-divider\" data-id=\"e07773b\" data-element_type=\"widget\" data-widget_type=\"divider.default\">\n\t\t\t\t\t\t\t<div class=\"elementor-divider\">\n\t\t\t<span class=\"elementor-divider-separator\">\n\t\t\t\t\t\t<\/span>\n\t\t<\/div>\n\t\t\t\t\t\t<\/div>\n\t\t\t\t\t<\/div>\n\t\t\t\t<\/div>\n\t\t<div class=\"elementor-element elementor-element-d4b35dc e-flex e-con-boxed e-con e-child\" data-id=\"d4b35dc\" data-element_type=\"container\">\n\t\t\t\t\t<div class=\"e-con-inner\">\n\t\t\t\t<div class=\"elementor-element elementor-element-5e40a69 elementor-widget__width-initial elementor-widget thim-ekits-heading elementor-widget-thim-heading\" data-id=\"5e40a69\" data-element_type=\"widget\" data-widget_type=\"thim-heading.default\">\n\t\t\t\t<div class=\"elementor-widget-container\">\n\t\t\t\t\t<div class=\"sc_heading\"><p class=\"title\">Ubicaci\u00f3n: <\/p><\/div>\t\t\t\t<\/div>\n\t\t\t\t<\/div>\n\t\t\t\t<div class=\"elementor-element elementor-element-9b1bf05 elementor-widget__width-initial elementor-widget thim-ekits-heading elementor-widget-thim-heading\" data-id=\"9b1bf05\" data-element_type=\"widget\" data-widget_type=\"thim-heading.default\">\n\t\t\t\t<div class=\"elementor-widget-container\">\n\t\t\t\t\t<div class=\"sc_heading\"><span class=\"title\">Colegio Juan Pablo II <\/span><\/div>\t\t\t\t<\/div>\n\t\t\t\t<\/div>\n\t\t\t\t<div class=\"elementor-element elementor-element-9e8926c elementor-widget-divider--view-line elementor-widget elementor-widget-divider\" data-id=\"9e8926c\" data-element_type=\"widget\" data-widget_type=\"divider.default\">\n\t\t\t\t\t\t\t<div class=\"elementor-divider\">\n\t\t\t<span class=\"elementor-divider-separator\">\n\t\t\t\t\t\t<\/span>\n\t\t<\/div>\n\t\t\t\t\t\t<\/div>\n\t\t\t\t<div class=\"elementor-element elementor-element-7fa9264 elementor-widget__width-initial elementor-widget thim-ekits-heading elementor-widget-thim-heading\" data-id=\"7fa9264\" data-element_type=\"widget\" data-widget_type=\"thim-heading.default\">\n\t\t\t\t<div class=\"elementor-widget-container\">\n\t\t\t\t\t<div class=\"sc_heading\"><p class=\"title\">Fechas: <\/p><\/div>\t\t\t\t<\/div>\n\t\t\t\t<\/div>\n\t\t\t\t<div class=\"elementor-element elementor-element-4561601 elementor-widget__width-initial elementor-widget thim-ekits-heading elementor-widget-thim-heading\" data-id=\"4561601\" data-element_type=\"widget\" data-widget_type=\"thim-heading.default\">\n\t\t\t\t<div class=\"elementor-widget-container\">\n\t\t\t\t\t<div class=\"sc_heading\"><span class=\"title\">20 feb   -   15 Jun <\/span><\/div>\t\t\t\t<\/div>\n\t\t\t\t<\/div>\n\t\t\t\t\t<\/div>\n\t\t\t\t<\/div>\n\t\t\t\t\t<\/div>\n\t\t\t\t<\/div>\n\t\t\t\t<div class=\"elementor-element elementor-element-cea855b elementor-widget thim-ekits-heading elementor-widget-thim-heading\" data-id=\"cea855b\" data-element_type=\"widget\" data-widget_type=\"thim-heading.default\">\n\t\t\t\t<div class=\"elementor-widget-container\">\n\t\t\t\t\t<div class=\"sc_heading\"><h2 class=\"title\">Justificaci\u00f3n <\/h2><div class=\"sub-heading\"><p>De acuerdo con la Organizaci\u00f3n Mundial de la Salud (OMS) la depresi\u00f3n es una enfermedad frecuente en todo el mundo, y se calcula que afecta a m\u00e1s de 300 millones de personas. La depresi\u00f3n presenta variaciones en el estado de \u00e1nimo y en las respuestas emocionales que nos son habituales para el afrontamiento ante los problemas de la vida cotidiana. Puede convertirse en un problema de salud serio, especialmente cuando es de larga duraci\u00f3n e intensidad moderada a grave, y puede causar gran sufrimiento y alterar las actividades laborales, escolares y familiares.<\/p>\n<p>Existen diversas intervenciones psicol\u00f3gicas breves que han sido adaptadas con \u00e9xito para su empleo en muy diversas culturas y pa\u00edses, como la psicoterapia cognitivo conductual, en M\u00e9xico, P\u00e1ez y colaboradores demostraron que una intervenci\u00f3n cognitivo conductual presenta efectos significativos que pueden mejorar la salud y calidad de vida de las personas.<\/p>\n<p>El psic\u00f3logo cl\u00ednico busca, mediante diversos recursos, producir un cambio cognitivo, es decir, un cambio en el pensamiento y el sistema de creencias del paciente, para conseguir, a partir de all\u00ed, una transformaci\u00f3n duradera de sus emociones y comportamientos. Es eficaz para pacientes que cuentan con distintos niveles de educaci\u00f3n, ingresos y estrato social. Se puede aplicar a grupos, terapia de pareja y terapia familiar. El tratamiento se basa en la formulaci\u00f3n cognitiva de un trastorno espec\u00edfico y su aplicaci\u00f3n a la conceptualizaci\u00f3n o comprensi\u00f3n de cada paciente.<\/p>\n<p>Los procedimientos y los procesos cognitivos para el cambio de la conducta constituyen una caracter\u00edstica preponderante en la terapia actual, se considera que el cambio de los s\u00edntomas tiene lugar una vez producido el cambio cognitivo, este \u00faltimo se origina a trav\u00e9s de una serie de intervenciones, incluyendo la pr\u00e1ctica de nuevas conductas, el an\u00e1lisis de patrones err\u00f3neos de pensamiento y la ense\u00f1anza de un di\u00e1logo con uno mismo m\u00e1s adaptativo.<\/p>\n<p>La relaci\u00f3n terap\u00e9utica es muy importante para abordar el inicio del tratamiento. El terapeuta tiene una doble funci\u00f3n: como gu\u00eda, ayudando al paciente a entender la maneraen que las cogniciones influyen en sus emociones y conductas disfuncionales, y como catalizador, promoviendo experiencias correctivas o nuevos aprendizajes que fomenten, a su vez, pensamientos y habilidades m\u00e1s adaptativas.<\/p>\n<p>Por lo anterior, La Direcci\u00f3n Acad\u00e9mica del colegio Juan Pablo II, en respuesta a las demandas actuales de la sociedad, ofrece la posibilidad de actualizar a los profesionales de la psicolog\u00eda cl\u00ednica, consideren su conocimiento y entrenamiento en la terapia cognitivo conductual para dar respuestas favorables y en poco tiempo a las necesidades de atenci\u00f3n psicoterap\u00e9utica de las personas que requieren del servicio psicol\u00f3gico con las herramientas que provee, adem\u00e1s, dar a sus egresados la posibilidad de elevar su campo de trabajo y conocimiento te\u00f3rico pr\u00e1ctico para beneficio propio y de la sociedad.<\/p>\n<\/div><\/div>\t\t\t\t<\/div>\n\t\t\t\t<\/div>\n\t\t\t\t<div class=\"elementor-element elementor-element-5169669 elementor-widget thim-ekits-heading elementor-widget-thim-heading\" data-id=\"5169669\" data-element_type=\"widget\" data-widget_type=\"thim-heading.default\">\n\t\t\t\t<div class=\"elementor-widget-container\">\n\t\t\t\t\t<div class=\"sc_heading\"><h2 class=\"title\">OBJETIVO GENERAL <\/h2><\/div>\t\t\t\t<\/div>\n\t\t\t\t<\/div>\n\t\t\t\t<div class=\"elementor-element elementor-element-46ee5a3 elementor-widget elementor-widget-thim-ekits-header-info\" data-id=\"46ee5a3\" data-element_type=\"widget\" data-widget_type=\"thim-ekits-header-info.default\">\n\t\t\t\t<div class=\"elementor-widget-container\">\n\t\t\t\t\t\t\t<div class=\"header-info-swapper\">\n\t\t\t<ul class=\"thim-header-info\">\n\t\t\t\t\t\t\t\t\t\t<li>\n\t\t\t\t\t\t\t\t\t\t\t\t\t\t\t\t\t\t\t\t\t\t\t\t<span>\n\t\t\t\t\t\t\t\t\t<i aria-hidden=\"true\" class=\"tk tk-check\"><\/i>\t\t\t\t\t\t\t\t<\/span>\n\t\t\t\t\t\t\t\t\n\t\t\t\t\t\t\t\tConocer los procesos psicol\u00f3gicos y psicopatol\u00f3gicos desde un punto de vista cient\u00edfico que permitan conceptualizar y evaluar los casos a fin de seleccionar las estrategias y t\u00e9cnicas psicoterap\u00e9uticas orientadas al logro de los objetivos planteados.\n\t\t\t\t\t\t\t\t\t\t\t\t\t\t<\/li>\n\t\t\t\t\t\t\t\t\t\t\t\t<li>\n\t\t\t\t\t\t\t\t\t\t\t\t\t\t\t\t\t\t\t\t\t\t\t\t<span>\n\t\t\t\t\t\t\t\t\t<i aria-hidden=\"true\" class=\"tk tk-check\"><\/i>\t\t\t\t\t\t\t\t<\/span>\n\t\t\t\t\t\t\t\t\n\t\t\t\t\t\t\t\tElaborar instrumentos de evaluaci\u00f3n y medici\u00f3n de conductas abiertas y encubiertas.\n\t\t\t\t\t\t\t\t\t\t\t\t\t\t<\/li>\n\t\t\t\t\t\t\t\t\t\t\t\t<li>\n\t\t\t\t\t\t\t\t\t\t\t\t\t\t\t\t\t\t\t\t\t\t\t\t<span>\n\t\t\t\t\t\t\t\t\t<i aria-hidden=\"true\" class=\"tk tk-check\"><\/i>\t\t\t\t\t\t\t\t<\/span>\n\t\t\t\t\t\t\t\t\n\t\t\t\t\t\t\t\tEvaluar la aplicaci\u00f3n de programas terap\u00e9uticos y realizar los ajustes necesarios para el mantenimiento de los cambios\n\t\t\t\t\t\t\t\t\t\t\t\t\t\t<\/li>\n\t\t\t\t\t\t\t\t\t\t\t\t<li>\n\t\t\t\t\t\t\t\t\t\t\t\t\t\t\t\t\t\t\t\t\t\t\t\t<span>\n\t\t\t\t\t\t\t\t\t<i aria-hidden=\"true\" class=\"tk tk-check\"><\/i>\t\t\t\t\t\t\t\t<\/span>\n\t\t\t\t\t\t\t\t\n\t\t\t\t\t\t\t\tDise\u00f1ar, aplicar y evaluar los elementos necesarios en el desarrollo de proyectos de investigaci\u00f3n con una aproximaci\u00f3n cognitivo conductual.\n\t\t\t\t\t\t\t\t\t\t\t\t\t\t<\/li>\n\t\t\t\t\t\t\t\t\t<\/ul>\n\t\t<\/div>\n\t\t\t\t\t\t<\/div>\n\t\t\t\t<\/div>\n\t\t\t\t<div class=\"elementor-element elementor-element-d80802d elementor-widget thim-ekits-heading elementor-widget-thim-heading\" data-id=\"d80802d\" data-element_type=\"widget\" data-widget_type=\"thim-heading.default\">\n\t\t\t\t<div class=\"elementor-widget-container\">\n\t\t\t\t\t<div class=\"sc_heading\"><h2 class=\"title\">Objetivos Particulares <\/h2><\/div>\t\t\t\t<\/div>\n\t\t\t\t<\/div>\n\t\t\t\t<div class=\"elementor-element elementor-element-b446a45 elementor-widget elementor-widget-thim-ekits-header-info\" data-id=\"b446a45\" data-element_type=\"widget\" data-widget_type=\"thim-ekits-header-info.default\">\n\t\t\t\t<div class=\"elementor-widget-container\">\n\t\t\t\t\t\t\t<div class=\"header-info-swapper\">\n\t\t\t<ul class=\"thim-header-info\">\n\t\t\t\t\t\t\t\t\t\t<li>\n\t\t\t\t\t\t\t\t\t\t\t\t\t\t\t\t\t\t\t\t\t\t\t\t<span>\n\t\t\t\t\t\t\t\t\t<i aria-hidden=\"true\" class=\"tk tk-check\"><\/i>\t\t\t\t\t\t\t\t<\/span>\n\t\t\t\t\t\t\t\t\n\t\t\t\t\t\t\t\tConocer los fundamentos te\u00f3ricos de la psicolog\u00eda cognitiva conductual\n\t\t\t\t\t\t\t\t\t\t\t\t\t\t<\/li>\n\t\t\t\t\t\t\t\t\t\t\t\t<li>\n\t\t\t\t\t\t\t\t\t\t\t\t\t\t\t\t\t\t\t\t\t\t\t\t<span>\n\t\t\t\t\t\t\t\t\t<i aria-hidden=\"true\" class=\"tk tk-check\"><\/i>\t\t\t\t\t\t\t\t<\/span>\n\t\t\t\t\t\t\t\t\n\t\t\t\t\t\t\t\tEmplear t\u00e9cnicas cognitivas y conductuales en planes de tratamiento\n\t\t\t\t\t\t\t\t\t\t\t\t\t\t<\/li>\n\t\t\t\t\t\t\t\t\t\t\t\t<li>\n\t\t\t\t\t\t\t\t\t\t\t\t\t\t\t\t\t\t\t\t\t\t\t\t<span>\n\t\t\t\t\t\t\t\t\t<i aria-hidden=\"true\" class=\"tk tk-check\"><\/i>\t\t\t\t\t\t\t\t<\/span>\n\t\t\t\t\t\t\t\t\n\t\t\t\t\t\t\t\tEvaluar pacientes con trastornos del estado de \u00e1nimo y ansiedad y desarrollar planes de tratamiento\n\t\t\t\t\t\t\t\t\t\t\t\t\t\t<\/li>\n\t\t\t\t\t\t\t\t\t\t\t\t<li>\n\t\t\t\t\t\t\t\t\t\t\t\t\t\t\t\t\t\t\t\t\t\t\t\t<span>\n\t\t\t\t\t\t\t\t\t<i aria-hidden=\"true\" class=\"tk tk-check\"><\/i>\t\t\t\t\t\t\t\t<\/span>\n\t\t\t\t\t\t\t\t\n\t\t\t\t\t\t\t\tEstructurar el tratamiento psicol\u00f3gico cognitivo conductual en ni\u00f1os y adolescentesConocer las problem\u00e1ticas legales y el impacto que estas tienen en la conformaci\u00f3n del sujeto y su comportamiento.\n\t\t\t\t\t\t\t\t\t\t\t\t\t\t<\/li>\n\t\t\t\t\t\t\t\t\t<\/ul>\n\t\t<\/div>\n\t\t\t\t\t\t<\/div>\n\t\t\t\t<\/div>\n\t\t\t\t<div class=\"elementor-element elementor-element-0f14cbe elementor-widget thim-ekits-heading elementor-widget-thim-heading\" data-id=\"0f14cbe\" data-element_type=\"widget\" data-widget_type=\"thim-heading.default\">\n\t\t\t\t<div class=\"elementor-widget-container\">\n\t\t\t\t\t<div class=\"sc_heading\"><h2 class=\"title\">Contenido Tem\u00e1tico <\/h2><\/div>\t\t\t\t<\/div>\n\t\t\t\t<\/div>\n\t\t\t\t<div class=\"elementor-element elementor-element-c93bce7 elementor-widget elementor-widget-text-editor\" data-id=\"c93bce7\" data-element_type=\"widget\" data-widget_type=\"text-editor.default\">\n\t\t\t\t\t\t\t\t\t<table border=\"1\" cellspacing=\"0\" cellpadding=\"5\">\n<thead>\n<tr>\n<th>M\u00f3dulo<\/th>\n<th>Tema<\/th>\n<\/tr>\n<\/thead>\n<tbody>\n<tr>\n<td>M\u00f3dulo I<\/td>\n<td>Habilidades B\u00e1sicas del Terapeuta<\/td>\n<\/tr>\n<tr>\n<td>M\u00f3dulo II<\/td>\n<td>Conceptos B\u00e1sicos de la Terapia Cognitiva<\/td>\n<\/tr>\n<tr>\n<td>M\u00f3dulo III<\/td>\n<td>Terapia Cognitiva Conductual para los Trastronos del Estado de \u00c1nimo y Ansiedad<\/td>\n<\/tr>\n<tr>\n<td>M\u00f3dulo IV<\/td>\n<td>Psicolog\u00eda Cognitivo Conductual Aplicada en la Psicoterapia del Paciente Neur\u00f3tico<\/td>\n<\/tr>\n<\/tbody>\n<\/table>\t\t\t\t\t\t\t\t<\/div>\n\t\t<div class=\"elementor-element elementor-element-05e2e66 e-flex e-con-boxed e-con e-child\" data-id=\"05e2e66\" data-element_type=\"container\">\n\t\t\t\t\t<div class=\"e-con-inner\">\n\t\t\t\t<div class=\"elementor-element elementor-element-9445b70 elementor-widget__width-inherit elementor-widget thim-widget-button\" data-id=\"9445b70\" data-element_type=\"widget\" data-widget_type=\"thim-button.default\">\n\t\t\t\t<div class=\"elementor-widget-container\">\n\t\t\t\t\t<a class=\"widget-button normal\" href=\"#\">MAPA CURRICULAR<\/a>\t\t\t\t<\/div>\n\t\t\t\t<\/div>\n\t\t\t\t\t<\/div>\n\t\t\t\t<\/div>\n\t\t\t\t<\/div>\n\t\t<div class=\"elementor-element elementor-element-e9acee4 e-con-full e-flex e-con e-child\" data-id=\"e9acee4\" data-element_type=\"container\">\n\t\t\t\t<div class=\"elementor-element elementor-element-21ef533 elementor-widget elementor-widget-thim-ekits-header-info\" data-id=\"21ef533\" data-element_type=\"widget\" data-widget_type=\"thim-ekits-header-info.default\">\n\t\t\t\t<div class=\"elementor-widget-container\">\n\t\t\t\t\t\t\t<div class=\"header-info-swapper\">\n\t\t\t<ul class=\"thim-header-info\">\n\t\t\t\t\t\t\t\t\t\t<li>\n\t\t\t\t\t\t\t\t\t\t\t\t\t\t<a href=\"https:\/\/colegiojuanpablosegundo.com.mx\/wp_2025\/diplomado-en-oralidad\/\">\n\t\t\t\t\t\t\t\t\t\t\t\t\t\t\t\t\n\t\t\t\t\t\t\t\tOralidad\n\t\t\t\t\t\t\t\t\t\t\t\t\t\t\t<\/a>\n\t\t\t\t\t\t\t\t\t\t\t\t<\/li>\n\t\t\t\t\t\t\t\t\t\t\t\t<li>\n\t\t\t\t\t\t\t\t\t\t\t\t\t\t<a href=\"https:\/\/colegiojuanpablosegundo.com.mx\/wp_2025\/diplomado-en-educacion-e-inlusion-educativa\/\">\n\t\t\t\t\t\t\t\t\t\t\t\t\t\t\t\t\n\t\t\t\t\t\t\t\tEducaci\u00f3n e Inclusi\u00f3n Educativa\n\t\t\t\t\t\t\t\t\t\t\t\t\t\t\t<\/a>\n\t\t\t\t\t\t\t\t\t\t\t\t<\/li>\n\t\t\t\t\t\t\t\t\t\t\t\t<li>\n\t\t\t\t\t\t\t\t\t\t\t\t\t\t<a href=\"https:\/\/colegiojuanpablosegundo.com.mx\/wp_2025\/diplomado-en-prevencion-y-atencion-contra-la-violencia-intrafamiliar\/\">\n\t\t\t\t\t\t\t\t\t\t\t\t\t\t\t\t\n\t\t\t\t\t\t\t\tPrevenci\u00f3n y Atenci\u00f3n contra la Violencia Familiar\n\t\t\t\t\t\t\t\t\t\t\t\t\t\t\t<\/a>\n\t\t\t\t\t\t\t\t\t\t\t\t<\/li>\n\t\t\t\t\t\t\t\t\t\t\t\t<li>\n\t\t\t\t\t\t\t\t\t\t\t\t\t\t<a href=\"https:\/\/colegiojuanpablosegundo.com.mx\/wp_2025\/diplomado-en-herramientas-para-la-gestion-de-negocios\/\">\n\t\t\t\t\t\t\t\t\t\t\t\t\t\t\t\t\n\t\t\t\t\t\t\t\tHerramientas para la Gesti\u00f3n de Negocios\n\t\t\t\t\t\t\t\t\t\t\t\t\t\t\t<\/a>\n\t\t\t\t\t\t\t\t\t\t\t\t<\/li>\n\t\t\t\t\t\t\t\t\t\t\t\t<li>\n\t\t\t\t\t\t\t\t\t\t\t\t\t\t<a href=\"https:\/\/colegiojuanpablosegundo.com.mx\/wp_2025\/diplomado-en-teoria-cognitivo-conductual\/\">\n\t\t\t\t\t\t\t\t\t\t\t\t\t\t\t\t\n\t\t\t\t\t\t\t\tTeror\u00eda Cognitivo Conductual\n\t\t\t\t\t\t\t\t\t\t\t\t\t\t\t<\/a>\n\t\t\t\t\t\t\t\t\t\t\t\t<\/li>\n\t\t\t\t\t\t\t\t\t\t\t\t<li>\n\t\t\t\t\t\t\t\t\t\t\t\t\t\t<a href=\"https:\/\/colegiojuanpablosegundo.com.mx\/wp_2025\/diplomado-en-contaduria-aplicada-y-estrategia-fiscal\/\">\n\t\t\t\t\t\t\t\t\t\t\t\t\t\t\t\t\n\t\t\t\t\t\t\t\tContadur\u00eda Aplicada y Estrategia Fiscal\n\t\t\t\t\t\t\t\t\t\t\t\t\t\t\t<\/a>\n\t\t\t\t\t\t\t\t\t\t\t\t<\/li>\n\t\t\t\t\t\t\t\t\t<\/ul>\n\t\t<\/div>\n\t\t\t\t\t\t<\/div>\n\t\t\t\t<\/div>\n\t\t\t\t<div class=\"elementor-element elementor-element-38b1518 elementor-widget elementor-widget-image\" data-id=\"38b1518\" data-element_type=\"widget\" data-widget_type=\"image.default\">\n\t\t\t\t\t\t\t\t\t\t\t\t\t\t\t<img decoding=\"async\" src=\"https:\/\/colegio-juanpablosegundo.edu.mx\/wp-content\/uploads\/2023\/09\/WhatsApp-Image-2023-08-07-at-4.23.08-PM-3.jpeg\" title=\"\" alt=\"\" loading=\"lazy\" \/>\t\t\t\t\t\t\t\t\t\t\t\t\t\t\t<\/div>\n\t\t\t\t<div class=\"elementor-element elementor-element-8364bcc elementor-widget thim-ekits-heading elementor-widget-thim-heading\" data-id=\"8364bcc\" data-element_type=\"widget\" data-widget_type=\"thim-heading.default\">\n\t\t\t\t<div class=\"elementor-widget-container\">\n\t\t\t\t\t<div class=\"sc_heading\"><\/div>\t\t\t\t<\/div>\n\t\t\t\t<\/div>\n\t\t\t\t<\/div>\n\t\t\t\t\t<\/div>\n\t\t\t\t<\/div>\n\t\t\t\t<\/div>\n\t\t","protected":false},"excerpt":{"rendered":"<p>Carga de Estudio: 1 hora Duraci\u00f3n: 1 a\u00f1o Ubicaci\u00f3n: Colegio Juan Pablo II Fechas: 20 feb &#8211; 15 Jun Justificaci\u00f3n De acuerdo con la Organizaci\u00f3n Mundial de la Salud (OMS) la depresi\u00f3n es una enfermedad frecuente en todo el mundo, &hellip; <\/p>\n","protected":false},"author":1,"featured_media":0,"parent":0,"menu_order":0,"comment_status":"closed","ping_status":"closed","template":"","meta":{"_joinchat":[],"footnotes":""},"class_list":["post-16374","page","type-page","status-publish","hentry"],"_links":{"self":[{"href":"https:\/\/colegiojuanpablosegundo.com.mx\/wp_2025\/wp-json\/wp\/v2\/pages\/16374","targetHints":{"allow":["GET"]}}],"collection":[{"href":"https:\/\/colegiojuanpablosegundo.com.mx\/wp_2025\/wp-json\/wp\/v2\/pages"}],"about":[{"href":"https:\/\/colegiojuanpablosegundo.com.mx\/wp_2025\/wp-json\/wp\/v2\/types\/page"}],"author":[{"embeddable":true,"href":"https:\/\/colegiojuanpablosegundo.com.mx\/wp_2025\/wp-json\/wp\/v2\/users\/1"}],"replies":[{"embeddable":true,"href":"https:\/\/colegiojuanpablosegundo.com.mx\/wp_2025\/wp-json\/wp\/v2\/comments?post=16374"}],"version-history":[{"count":19,"href":"https:\/\/colegiojuanpablosegundo.com.mx\/wp_2025\/wp-json\/wp\/v2\/pages\/16374\/revisions"}],"predecessor-version":[{"id":16655,"href":"https:\/\/colegiojuanpablosegundo.com.mx\/wp_2025\/wp-json\/wp\/v2\/pages\/16374\/revisions\/16655"}],"wp:attachment":[{"href":"https:\/\/colegiojuanpablosegundo.com.mx\/wp_2025\/wp-json\/wp\/v2\/media?parent=16374"}],"curies":[{"name":"wp","href":"https:\/\/api.w.org\/{rel}","templated":true}]}}